{"id":234,"date":"2023-09-19T21:48:12","date_gmt":"2023-09-19T19:48:12","guid":{"rendered":"https:\/\/manhattandent.pl\/stomatolog\/?page_id=234"},"modified":"2023-10-21T13:11:01","modified_gmt":"2023-10-21T11:11:01","slug":"cennik-protetyka","status":"publish","type":"page","link":"https:\/\/manhattandent.pl\/stomatolog\/cennik\/cennik-protetyka\/","title":{"rendered":"cennik protetyka"},"content":{"rendered":"\n<p>Przybli\u017cony cennik us\u0142ug stomatologicznych z zakresu protetyki: <\/p>\n\n\n\n<figure class=\"wp-block-table is-style-stripes\"><table><tbody><tr><td>Korona tymczasowa<\/td><td>120 PLN<\/td><\/tr><tr><td>Wk\u0142ad koronowo korzeniowy (lany)<\/td><td>450 PLN<\/td><\/tr><tr><td>Wk\u0142ad z w\u0142\u00f3kna szklanego<\/td><td>450 PLN<\/td><\/tr><tr><td>Korona z\u0142o\u017cona licowana porcelan\u0105<\/td><td>900 PLN<\/td><\/tr><tr><td>Korona pe\u0142noceramiczna<\/td><td>1600 PLN<\/td><\/tr><tr><td>Korona ceramiczna na cyrkonie<\/td><td>1600 PLN<\/td><\/tr><tr><td>Lic\u00f3wka porcelanowa<\/td><td>1600 PLN<\/td><\/tr><tr><td>Onley lub inley pe\u0142noceramiczny<\/td><td>1600 PLN<\/td><\/tr><tr><td>Most adhezyjny (3 punkty)<\/td><td>2000 PLN<\/td><\/tr><tr><td>Most adhezyjny CYRKON<\/td><td>3500 PLN<\/td><\/tr><tr><td>Proteza akrylowa cz\u0119\u015bciowa<\/td><td>900 PLN<\/td><\/tr><tr><td>Proteza akrylowa ca\u0142kowita<\/td><td>950 PLN<\/td><\/tr><tr><td>Proteza szkieletowa (standardowa)<\/td><td>1800 PLN<\/td><\/tr><tr><td>Proteza szkieletowa COMBO<\/td><td>3000 PLN<\/td><\/tr><tr><td>Proteza elastyczna<\/td><td>2100 PLN<\/td><\/tr><tr><td>Naprawa protezy<\/td><td>200-250 PLN<\/td><\/tr><tr><td>Pod\u015bcielenie protez<\/td><td>250-300 PLN<\/td><\/tr><tr><td>Szyna nagryzowa (relaksacyjna)<\/td><td>&nbsp;<\/td><\/tr><tr><td>\u2013 szyna twarda<\/td><td>500 PLN<\/td><\/tr><tr><td>\u2013 szyna mi\u0119kka<\/td><td>450 PLN<\/td><\/tr><tr><td>Szyny do wybielania<\/td><td>400 PLN<\/td><\/tr><tr><td>Most 1 punkt (METAL)<\/td><td>900 PLN<\/td><\/tr><tr><td>Most 1 punkt (CYRKON)<\/td><td>1600 PLN<\/td><\/tr><tr><td>ETRUSKA<\/td><td>600 PLN<\/td><\/tr><tr><td>Modele orientacyjne (1 model)<\/td><td>60 PLN<\/td><\/tr><tr><td>Wax-up (g\u00f3ra albo d\u00f3\u0142)<\/td><td>150 PLN<\/td><\/tr><tr><td>Wax-up + szyna<\/td><td>250 PLN<\/td><\/tr><tr><td>Modele orientacyjne + artykulator<\/td><td>200 PLN<\/td><\/tr><tr><td>Wk\u0142ad + zatrzask kulkowy<\/td><td>500 PLN<\/td><\/tr><tr><td>Proteza ca\u0142kowita na zatrzaskach (akrylowa)<\/td><td>2000 PLN + cena zatrzask\u00f3w<\/td><\/tr><tr><td>Dostawienie z\u0119ba do protezy elastycznej<\/td><td>650 PLN<\/td><\/tr><\/tbody><\/table><\/figure>\n\n\n\n<p><\/p>\n\n\n\n<p><em>Podane warto\u015bci s\u0105 wielko\u015bciami przybli\u017conymi. O dok\u0142adn\u0105 wycen\u0119 zapytaj stomatologa podczas wizyty.<\/em><\/p>\n\n\n\n<div class=\"wp-block-buttons is-layout-flex wp-block-buttons-is-layout-flex\">\n<div class=\"wp-block-button\"><a class=\"wp-block-button__link wp-element-button\" href=\"https:\/\/manhattandent.pl\/stomatolog\/kontakt\/\">um\u00f3w si\u0119 na wizyt\u0119<\/a><\/div>\n\n\n\n<div class=\"wp-block-button\"><a class=\"wp-block-button__link wp-element-button\" href=\"https:\/\/manhattandent.pl\/stomatolog\/uslugi\/protetyka-lodz\/\">poznaj ofert\u0119 us\u0142ug z zakresu protetyki<\/a><\/div>\n<\/div>\n","protected":false},"excerpt":{"rendered":"<p>Przybli\u017cony cennik us\u0142ug stomatologicznych z zakresu protetyki: Korona tymczasowa 120 PLN Wk\u0142ad koronowo korzeniowy (lany) 450 PLN Wk\u0142ad z w\u0142\u00f3kna szklanego 450 PLN Korona z\u0142o\u017cona licowana porcelan\u0105 900 PLN Korona pe\u0142noceramiczna 1600 PLN Korona ceramiczna na cyrkonie 1600 PLN Lic\u00f3wka porcelanowa 1600 PLN Onley lub inley pe\u0142noceramiczny 1600 PLN Most adhezyjny (3 punkty) 2000 PLN&#8230;<\/p>\n","protected":false},"author":1,"featured_media":0,"parent":17,"menu_order":4,"comment_status":"closed","ping_status":"closed","template":"","meta":{"_kadence_starter_templates_imported_post":false,"_kad_post_transparent":"","_kad_post_title":"","_kad_post_layout":"","_kad_post_sidebar_id":"","_kad_post_content_style":"","_kad_post_vertical_padding":"","_kad_post_feature":"","_kad_post_feature_position":"","_kad_post_header":false,"_kad_post_footer":false,"footnotes":""},"class_list":["post-234","page","type-page","status-publish","hentry"],"yoast_head":"<!-- This site is optimized with the Yoast SEO plugin v25.9 - https:\/\/yoast.com\/wordpress\/plugins\/seo\/ -->\n<title>cennik protetyka - Gabinet stomatologiczny Manhattan-dent<\/title>\n<meta name=\"robots\" content=\"index, follow, max-snippet:-1, max-image-preview:large, max-video-preview:-1\" \/>\n<link rel=\"canonical\" href=\"https:\/\/manhattandent.pl\/stomatolog\/cennik\/cennik-protetyka\/\" \/>\n<meta property=\"og:locale\" content=\"pl_PL\" \/>\n<meta property=\"og:type\" content=\"article\" \/>\n<meta property=\"og:title\" content=\"cennik protetyka - Gabinet stomatologiczny Manhattan-dent\" \/>\n<meta property=\"og:description\" content=\"Przybli\u017cony cennik us\u0142ug stomatologicznych z zakresu protetyki: Korona tymczasowa 120 PLN Wk\u0142ad koronowo korzeniowy (lany) 450 PLN Wk\u0142ad z w\u0142\u00f3kna szklanego 450 PLN Korona z\u0142o\u017cona licowana porcelan\u0105 900 PLN Korona pe\u0142noceramiczna 1600 PLN Korona ceramiczna na cyrkonie 1600 PLN Lic\u00f3wka porcelanowa 1600 PLN Onley lub inley pe\u0142noceramiczny 1600 PLN Most adhezyjny (3 punkty) 2000 PLN...\" \/>\n<meta property=\"og:url\" content=\"https:\/\/manhattandent.pl\/stomatolog\/cennik\/cennik-protetyka\/\" \/>\n<meta property=\"og:site_name\" content=\"Gabinet stomatologiczny Manhattan-dent\" \/>\n<meta property=\"article:publisher\" content=\"https:\/\/www.facebook.com\/people\/Manhattan-Dent\/61550723380393\/\" \/>\n<meta property=\"article:modified_time\" content=\"2023-10-21T11:11:01+00:00\" \/>\n<meta name=\"twitter:card\" content=\"summary_large_image\" \/>\n<meta name=\"twitter:label1\" content=\"Szacowany czas czytania\" \/>\n\t<meta name=\"twitter:data1\" content=\"2 minuty\" \/>\n<script type=\"application\/ld+json\" class=\"yoast-schema-graph\">{\"@context\":\"https:\/\/schema.org\",\"@graph\":[{\"@type\":\"WebPage\",\"@id\":\"https:\/\/manhattandent.pl\/stomatolog\/cennik\/cennik-protetyka\/\",\"url\":\"https:\/\/manhattandent.pl\/stomatolog\/cennik\/cennik-protetyka\/\",\"name\":\"cennik protetyka - Gabinet stomatologiczny Manhattan-dent\",\"isPartOf\":{\"@id\":\"https:\/\/manhattandent.pl\/stomatolog\/#website\"},\"datePublished\":\"2023-09-19T19:48:12+00:00\",\"dateModified\":\"2023-10-21T11:11:01+00:00\",\"breadcrumb\":{\"@id\":\"https:\/\/manhattandent.pl\/stomatolog\/cennik\/cennik-protetyka\/#breadcrumb\"},\"inLanguage\":\"pl-PL\",\"potentialAction\":[{\"@type\":\"ReadAction\",\"target\":[\"https:\/\/manhattandent.pl\/stomatolog\/cennik\/cennik-protetyka\/\"]}]},{\"@type\":\"BreadcrumbList\",\"@id\":\"https:\/\/manhattandent.pl\/stomatolog\/cennik\/cennik-protetyka\/#breadcrumb\",\"itemListElement\":[{\"@type\":\"ListItem\",\"position\":1,\"name\":\"Strona g\u0142\u00f3wna\",\"item\":\"https:\/\/manhattandent.pl\/stomatolog\/\"},{\"@type\":\"ListItem\",\"position\":2,\"name\":\"cennik\",\"item\":\"https:\/\/manhattandent.pl\/stomatolog\/cennik\/\"},{\"@type\":\"ListItem\",\"position\":3,\"name\":\"cennik protetyka\"}]},{\"@type\":\"WebSite\",\"@id\":\"https:\/\/manhattandent.pl\/stomatolog\/#website\",\"url\":\"https:\/\/manhattandent.pl\/stomatolog\/\",\"name\":\"Gabinet stomatologiczny Manhattan-dent \u0141\u00f3d\u017a\",\"description\":\"\",\"publisher\":{\"@id\":\"https:\/\/manhattandent.pl\/stomatolog\/#organization\"},\"alternateName\":\"stomatolog \u0141\u00f3d\u017a\",\"potentialAction\":[{\"@type\":\"SearchAction\",\"target\":{\"@type\":\"EntryPoint\",\"urlTemplate\":\"https:\/\/manhattandent.pl\/stomatolog\/?s={search_term_string}\"},\"query-input\":{\"@type\":\"PropertyValueSpecification\",\"valueRequired\":true,\"valueName\":\"search_term_string\"}}],\"inLanguage\":\"pl-PL\"},{\"@type\":\"Organization\",\"@id\":\"https:\/\/manhattandent.pl\/stomatolog\/#organization\",\"name\":\"Gabinet stomatologiczny Manhattan-dent \u0141\u00f3d\u017a\",\"alternateName\":\"Stomatolog \u0141\u00f3d\u017a\",\"url\":\"https:\/\/manhattandent.pl\/stomatolog\/\",\"logo\":{\"@type\":\"ImageObject\",\"inLanguage\":\"pl-PL\",\"@id\":\"https:\/\/manhattandent.pl\/stomatolog\/#\/schema\/logo\/image\/\",\"url\":\"https:\/\/i0.wp.com\/manhattandent.pl\/stomatolog\/wp-content\/uploads\/2023\/08\/cropped-logo.png?fit=236%2C110&ssl=1\",\"contentUrl\":\"https:\/\/i0.wp.com\/manhattandent.pl\/stomatolog\/wp-content\/uploads\/2023\/08\/cropped-logo.png?fit=236%2C110&ssl=1\",\"width\":236,\"height\":110,\"caption\":\"Gabinet stomatologiczny Manhattan-dent \u0141\u00f3d\u017a\"},\"image\":{\"@id\":\"https:\/\/manhattandent.pl\/stomatolog\/#\/schema\/logo\/image\/\"},\"sameAs\":[\"https:\/\/www.facebook.com\/people\/Manhattan-Dent\/61550723380393\/\"]}]}<\/script>\n<!-- \/ Yoast SEO plugin. -->","yoast_head_json":{"title":"cennik protetyka - Gabinet stomatologiczny Manhattan-dent","robots":{"index":"index","follow":"follow","max-snippet":"max-snippet:-1","max-image-preview":"max-image-preview:large","max-video-preview":"max-video-preview:-1"},"canonical":"https:\/\/manhattandent.pl\/stomatolog\/cennik\/cennik-protetyka\/","og_locale":"pl_PL","og_type":"article","og_title":"cennik protetyka - Gabinet stomatologiczny Manhattan-dent","og_description":"Przybli\u017cony cennik us\u0142ug stomatologicznych z zakresu protetyki: Korona tymczasowa 120 PLN Wk\u0142ad koronowo korzeniowy (lany) 450 PLN Wk\u0142ad z w\u0142\u00f3kna szklanego 450 PLN Korona z\u0142o\u017cona licowana porcelan\u0105 900 PLN Korona pe\u0142noceramiczna 1600 PLN Korona ceramiczna na cyrkonie 1600 PLN Lic\u00f3wka porcelanowa 1600 PLN Onley lub inley pe\u0142noceramiczny 1600 PLN Most adhezyjny (3 punkty) 2000 PLN...","og_url":"https:\/\/manhattandent.pl\/stomatolog\/cennik\/cennik-protetyka\/","og_site_name":"Gabinet stomatologiczny Manhattan-dent","article_publisher":"https:\/\/www.facebook.com\/people\/Manhattan-Dent\/61550723380393\/","article_modified_time":"2023-10-21T11:11:01+00:00","twitter_card":"summary_large_image","twitter_misc":{"Szacowany czas czytania":"2 minuty"},"schema":{"@context":"https:\/\/schema.org","@graph":[{"@type":"WebPage","@id":"https:\/\/manhattandent.pl\/stomatolog\/cennik\/cennik-protetyka\/","url":"https:\/\/manhattandent.pl\/stomatolog\/cennik\/cennik-protetyka\/","name":"cennik protetyka - Gabinet stomatologiczny Manhattan-dent","isPartOf":{"@id":"https:\/\/manhattandent.pl\/stomatolog\/#website"},"datePublished":"2023-09-19T19:48:12+00:00","dateModified":"2023-10-21T11:11:01+00:00","breadcrumb":{"@id":"https:\/\/manhattandent.pl\/stomatolog\/cennik\/cennik-protetyka\/#breadcrumb"},"inLanguage":"pl-PL","potentialAction":[{"@type":"ReadAction","target":["https:\/\/manhattandent.pl\/stomatolog\/cennik\/cennik-protetyka\/"]}]},{"@type":"BreadcrumbList","@id":"https:\/\/manhattandent.pl\/stomatolog\/cennik\/cennik-protetyka\/#breadcrumb","itemListElement":[{"@type":"ListItem","position":1,"name":"Strona g\u0142\u00f3wna","item":"https:\/\/manhattandent.pl\/stomatolog\/"},{"@type":"ListItem","position":2,"name":"cennik","item":"https:\/\/manhattandent.pl\/stomatolog\/cennik\/"},{"@type":"ListItem","position":3,"name":"cennik protetyka"}]},{"@type":"WebSite","@id":"https:\/\/manhattandent.pl\/stomatolog\/#website","url":"https:\/\/manhattandent.pl\/stomatolog\/","name":"Gabinet stomatologiczny Manhattan-dent \u0141\u00f3d\u017a","description":"","publisher":{"@id":"https:\/\/manhattandent.pl\/stomatolog\/#organization"},"alternateName":"stomatolog \u0141\u00f3d\u017a","potentialAction":[{"@type":"SearchAction","target":{"@type":"EntryPoint","urlTemplate":"https:\/\/manhattandent.pl\/stomatolog\/?s={search_term_string}"},"query-input":{"@type":"PropertyValueSpecification","valueRequired":true,"valueName":"search_term_string"}}],"inLanguage":"pl-PL"},{"@type":"Organization","@id":"https:\/\/manhattandent.pl\/stomatolog\/#organization","name":"Gabinet stomatologiczny Manhattan-dent \u0141\u00f3d\u017a","alternateName":"Stomatolog \u0141\u00f3d\u017a","url":"https:\/\/manhattandent.pl\/stomatolog\/","logo":{"@type":"ImageObject","inLanguage":"pl-PL","@id":"https:\/\/manhattandent.pl\/stomatolog\/#\/schema\/logo\/image\/","url":"https:\/\/i0.wp.com\/manhattandent.pl\/stomatolog\/wp-content\/uploads\/2023\/08\/cropped-logo.png?fit=236%2C110&ssl=1","contentUrl":"https:\/\/i0.wp.com\/manhattandent.pl\/stomatolog\/wp-content\/uploads\/2023\/08\/cropped-logo.png?fit=236%2C110&ssl=1","width":236,"height":110,"caption":"Gabinet stomatologiczny Manhattan-dent \u0141\u00f3d\u017a"},"image":{"@id":"https:\/\/manhattandent.pl\/stomatolog\/#\/schema\/logo\/image\/"},"sameAs":["https:\/\/www.facebook.com\/people\/Manhattan-Dent\/61550723380393\/"]}]}},"_links":{"self":[{"href":"https:\/\/manhattandent.pl\/stomatolog\/wp-json\/wp\/v2\/pages\/234","targetHints":{"allow":["GET"]}}],"collection":[{"href":"https:\/\/manhattandent.pl\/stomatolog\/wp-json\/wp\/v2\/pages"}],"about":[{"href":"https:\/\/manhattandent.pl\/stomatolog\/wp-json\/wp\/v2\/types\/page"}],"author":[{"embeddable":true,"href":"https:\/\/manhattandent.pl\/stomatolog\/wp-json\/wp\/v2\/users\/1"}],"replies":[{"embeddable":true,"href":"https:\/\/manhattandent.pl\/stomatolog\/wp-json\/wp\/v2\/comments?post=234"}],"version-history":[{"count":2,"href":"https:\/\/manhattandent.pl\/stomatolog\/wp-json\/wp\/v2\/pages\/234\/revisions"}],"predecessor-version":[{"id":627,"href":"https:\/\/manhattandent.pl\/stomatolog\/wp-json\/wp\/v2\/pages\/234\/revisions\/627"}],"up":[{"embeddable":true,"href":"https:\/\/manhattandent.pl\/stomatolog\/wp-json\/wp\/v2\/pages\/17"}],"wp:attachment":[{"href":"https:\/\/manhattandent.pl\/stomatolog\/wp-json\/wp\/v2\/media?parent=234"}],"curies":[{"name":"wp","href":"https:\/\/api.w.org\/{rel}","templated":true}]}}