{"id":420,"date":"2023-09-29T20:38:38","date_gmt":"2023-09-29T18:38:38","guid":{"rendered":"https:\/\/manhattandent.pl\/stomatolog\/?page_id=420"},"modified":"2023-09-29T20:41:13","modified_gmt":"2023-09-29T18:41:13","slug":"zapobieganie-prochnicy","status":"publish","type":"page","link":"https:\/\/manhattandent.pl\/stomatolog\/zapobieganie-prochnicy\/","title":{"rendered":"zapobieganie pr\u00f3chnicy"},"content":{"rendered":"\n<h1 class=\"wp-block-heading\">\u015arodki profilaktyczne stosowane do zapobiegania pr\u00f3chnicy<\/h1>\n\n\n\n<h3 class=\"wp-block-heading\">Wa\u017cnym elementem zapobiegania pr\u00f3chnicy jest stosowanie \u015brodk\u00f3w profilaktycznych zawieraj\u0105cych fluorki.<\/h3>\n\n\n\n<p><strong>I.<\/strong>&nbsp;Podstawowe \u017ar\u00f3d\u0142a fluoru dla dzieci to: woda pitna (wg WHO optymalna zawarto\u015b\u0107 F w wodzie: 0,5 \u2013 1,0 mg\/I; dane dotycz\u0105ce r\u00f3\u017cnych region\u00f3w Polski \u2013 dost\u0119pne w lokalnych Stacjach Sanitarno-Epidemiologicznych) oraz wody butelkowane, herbata, ryby, \u017cywno\u015b\u0107 pochodz\u0105ca z teren\u00f3w o ponadoptymalnej zawarto\u015bci fluoru w wodzie, \u015brodki profilaktyczne do higieny jamy ustnej.<\/p>\n\n\n\n<p><strong>II. W okresie zagro\u017cenia fluoroz\u0105 z\u0119b\u00f3w, zw\u0142aszcza u dzieci poni\u017cej 6. roku \u017cycia zaleca si\u0119 unikanie nadmiernego endogennego spo\u017cycia fluoru.<\/strong><\/p>\n\n\n\n<p><strong>III. Intensywno\u015b\u0107 stosowanych metod profilaktycznych powinna wzrasta\u0107 wraz ze wzrostem ryzyka choroby.<\/strong><\/p>\n\n\n\n<p><strong>Ryzyko pr\u00f3chnicy<\/strong>&nbsp;(prawdopodobie\u0144stwo wyst\u0105pienia nowych zmian pr\u00f3chnicowych w przysz\u0142o\u015bci i progresji zmian ju\u017c obecnych) jest okre\u015blane jako&nbsp;<strong>niskie, \u015brednie lub wysokie<\/strong>. Wska\u017aniki wysokiego ryzyka pr\u00f3chnicy istotne w ka\u017cdym wieku oraz zasady stosowania profilaktyki fluorkowej zestawiono w tabeli (Tab. 1).<\/p>\n\n\n\n<p><strong>Tab. 1.<\/strong>&nbsp;Proponowane zasady profilaktyki fluorkowej w zale\u017cno\u015bci od zagro\u017cenia pr\u00f3chnic\u0105.<\/p>\n\n\n\n<figure class=\"wp-block-table\"><table><tbody><tr><td>Wska\u017aniki zagro\u017cenia pr\u00f3chnic\u0105<\/td><td colspan=\"2\"><strong>Proponowane zasady profilaktyki fluorkowej<\/strong><\/td><\/tr><tr><td><\/td><td><strong>W domu<\/strong><\/td><td>Przez lekarza dentyst\u0119 w gabinecie stomatologicznym<\/td><\/tr><tr><td>Brak wyst\u0119powania<\/td><td>\u2022 dwukrotne w ci\u0105gu dnia szczotkowanie z\u0119b\u00f3w past\u0105 do z\u0119b\u00f3w z fluorem*<br>\u2022 ewentualnie suplementacja fluorkowa*<\/td><td>\u2022 wizyta kontrolna<\/td><\/tr><tr><td>B\u0142\u0119dy dietetyczne<\/td><td rowspan=\"9\">\u2022 dwukrotne w ci\u0105gu dnia szczotkowanie z\u0119b\u00f3w past\u0105 do z\u0119b\u00f3w z fluorem*<br>\u2022 ewentualnie suplementacja fluorkowa*<br>\u2022 p\u0142ukanka fluorkowa*<\/td><td rowspan=\"6\">\u2022 aplikacja \u015brodk\u00f3w zawieraj\u0105cych fluor (lakier lub \u017cel)<\/td><\/tr><tr><td>Sporadyczne szczotkowanie z\u0119b\u00f3w, stosowanie pasty do z\u0119b\u00f3w bez fluoru<\/td><\/tr><tr><td>Widoczna p\u0142ytka naz\u0119bna<\/td><\/tr><tr><td>Niski poziom \u015bwiadomo\u015bci prozdrowotnej rodzic\u00f3w\/opiekun\u00f3w lub niski status ekonomiczny<\/td><\/tr><tr><td>Niepe\u0142nosprawno\u015b\u0107 intelektualna lub\/ i fizyczna<\/td><\/tr><tr><td>Aparat ortodontyczny<\/td><\/tr><tr><td>Widoczne bia\u0142e plamy lub ubytki pr\u00f3chnicowe<\/td><td rowspan=\"3\">\u2022 aplikacja \u015brodk\u00f3w zawieraj\u0105cych fluor (lakier lub \u017cel) oraz leczenie stomatologiczne<\/td><\/tr><tr><td>Zapalenie dzi\u0105se\u0142<\/td><\/tr><tr><td>Wady rozwojowe szkliwa<\/td><\/tr><\/tbody><\/table><\/figure>\n\n\n\n<p>* w zale\u017cno\u015bci od zaanga\u017cowania rodzic\u00f3w, zgodnie ze wskazaniami dla wieku i poziomem ekspozycji na fluor pochodz\u0105cy z r\u00f3\u017cnych \u017ar\u00f3de\u0142<\/p>\n\n\n\n<p><strong>U dzieci poni\u017cej 6. roku \u017cycia czynnikami ryzyka choroby pr\u00f3chnicowej s\u0105:<\/strong><\/p>\n\n\n\n<p><strong>\u2013 czynniki zwi\u0105zane z matk\u0105:<\/strong>&nbsp;m\u0142ody wiek matki (&lt; 30 r.\u017c.), niski poziom wykszta\u0142cenia, choroby\/leki w okresie ci\u0105\u017cy, palenie tytoniu, z\u0142y stan zdrowia jamy ustnej matki,<\/p>\n\n\n\n<p><strong>\u2013 czynniki zwi\u0105zane z dzieckiem:<\/strong>&nbsp;wcze\u015bniactwo, ci\u0105\u017ca mnoga, por\u00f3d przez cesarskie ci\u0119cie, niska waga urodzeniowa, tj. &lt; 2,5 kg lub waga &gt; 3,5 kg\/wyrzynanie z\u0119b\u00f3w przed uko\u0144czeniem 5-tego miesi\u0105ca Hycla, cz\u0119ste infekcje i gor\u0105czki (zmniejszenie wydzielania \u015bliny, leki \u2013 s\u0142odkie syropy), b\u0142\u0119dy dietetyczne (karmienie sztuczne, karmienie piersi\u0105 kr\u00f3cej ni\u017c 6 miesi\u0119cy i d\u0142u\u017cej ni\u017c 12 miesi\u0119cy, zasypianie z butelk\u0105, karmienie w nocy lub pojenie s\u0142odkimi p\u0142ynami, cz\u0119stsze ni\u017c 3-krotnie w ci\u0105gu dnia podawanie przek\u0105sek lub p\u0142yn\u00f3w zawieraj\u0105cych cukier), niewykonywanie zabieg\u00f3w higienicznych przez rodzic\u00f3w lub szczotkowanie z\u0119b\u00f3w samodzielnie przez dziecko, brak kontroli stomatologicznych.<\/p>\n\n\n\n<h2 class=\"wp-block-heading\">ENDOGENNA PROFILAKTYKA FLUORKOWA<\/h2>\n\n\n\n<p><strong>Profilaktyk\u0119 endogenn\u0105<\/strong>&nbsp;(przyjmowanie preparat\u00f3w \u2013 tabletki\/krople) rozwa\u017ca si\u0119 przy zawarto\u015bci fluoru w wodzie pitnej poni\u017cej 0,3 mg\/I, u dzieci po uko\u0144czeniu 3. roku \u017cycia, z wysokim ryzykiem wyst\u0105pienia choroby pr\u00f3chnicowej. Nale\u017cy wzi\u0105\u0107 pod uwag\u0119 jako\u015b\u0107 wsp\u00f3\u0142pracy z rodzicami\/opiekunami dziecka, poniewa\u017c podawanie tabletek musi odbywa\u0107 si\u0119 systematycznie i d\u0142ugotrwale pod \u015bcis\u0142\u0105 kontrol\u0105 (Tab. 2).<\/p>\n\n\n\n<p><strong>Przeciwwskazania:<\/strong><\/p>\n\n\n\n<p>\u2013 wiek &lt; 3. roku \u017cycia,<\/p>\n\n\n\n<p>\u2013 szczotkowanie z\u0119b\u00f3w dziecka z u\u017cyciem pasty do z\u0119b\u00f3w z fluorem.<\/p>\n\n\n\n<h2 class=\"wp-block-heading\">EGZOGENNA (MIEJSCOWA) PROFILAKTYKA FLUORKOWA<\/h2>\n\n\n\n<p><strong>I. Profilaktyka domowa:<\/strong><\/p>\n\n\n\n<p>\u2022&nbsp;<strong>szczotkowanie z\u0119b\u00f3w past\u0105 z fluorem<\/strong>&nbsp;od pojawienia si\u0119 pierwszego z\u0119ba, bez wzgl\u0119du na wysoko\u015b\u0107 ryzyka pr\u00f3chnicy,<\/p>\n\n\n\n<p>\u2022&nbsp;<strong>stosowanie p\u0142ukanek zawieraj\u0105cych od 0,02% F (200 ppm F) do 0,09% F (900 ppm F<\/strong>) u dzieci powy\u017cej 6. roku \u017cycia, przy \u015brednim lub wysokim ryzyku pr\u00f3chnicy.<\/p>\n\n\n\n<p><strong>Szczotkowanie z\u0119b\u00f3w past\u0105 z fluorem:<\/strong>&nbsp;dwukrotne w ci\u0105gu dnia, rano po \u015bniadaniu i wieczorem po ostatnim posi\u0142ku.<\/p>\n\n\n\n<p><strong>Zalecane jest:<\/strong><\/p>\n\n\n\n<p>\u2013 zast\u0105pienie p\u0142ukania jamy ustnej po szczotkowaniu wypluwaniem nadmiaru pasty,<\/p>\n\n\n\n<p>\u2013 szczotkowanie z\u0119b\u00f3w dziecka do 8. roku \u017cycia, a nast\u0119pnie kontrolowanie zabiegu przez rodzic\u00f3w\/opiekun\u00f3w (ze wzgl\u0119du na ryzyko stosowania zbyt du\u017cej ilo\u015bci i po\u0142ykania pasty oraz nisk\u0105 efektywno\u015b\u0107 samodzielnego szczotkowania przez dziecko),<\/p>\n\n\n\n<p>\u2013 stosowanie past do z\u0119b\u00f3w zawieraj\u0105cych wy\u017csze st\u0119\u017cenia fluoru (zwykle 1000 ppm F) przy ograniczonej ilo\u015bci pasty, tj. posmarowanie wy\u0142\u0105cznie ko\u0144c\u00f3w w\u0142\u00f3kien szczoteczki (oko\u0142o 0,1 mg F),<\/p>\n\n\n\n<p>\u2013 stosowanie pasty zawieraj\u0105cej mniejsz\u0105 ilo\u015b\u0107 fluoru (500ppmF) w rejonach z ponadoptymaln\u0105 zawarto\u015bci\u0105 fluoru w wodzie pitnej oraz w przypadku podejrzenia nieprzestrzegania przez rodzic\u00f3w zalece\u0144 dotycz\u0105cych ilo\u015bci pasty nak\u0142adanej na szczoteczk\u0119.<\/p>\n\n\n\n<p><strong>Tab. 3.<\/strong>&nbsp;Zasady dotycz\u0105ce stosowania past do z\u0119b\u00f3w z fluorem u dzieci i m\u0142odzie\u017cy.<\/p>\n\n\n\n<figure class=\"wp-block-table\"><table><tbody><tr><td class=\"has-text-align-center\" data-align=\"center\"><strong>Ryzyko pr\u00f3chnicy<\/strong><\/td><td colspan=\"2\"><strong>Wiek<\/strong><\/td><td><strong>St\u0119\u017cenie F w pa\u015bcie<\/strong><\/td><td><strong>Ilo\u015b\u0107 pasty<\/strong><\/td><td><strong>Cz\u0119sto\u015b\u0107 szczotkowania<\/strong><\/td><\/tr><tr><td class=\"has-text-align-center\" data-align=\"center\" rowspan=\"4\">niskie<br>umiarkowane<br>wysokie<\/td><td rowspan=\"2\">6-24 m-cy<\/td><td>wysoki poziom \u015bwiadomo\u015bci prozdrowotnej rodzic\u00f3w\/opiekun\u00f3w, przestrzeganie zalecanej ilo\u015bci pasty<\/td><td>1000 ppm<\/td><td>\u015bladowa ilo\u015b\u0107<\/td><td rowspan=\"5\">2 razy dziennie<\/td><\/tr><tr><td class=\"has-text-align-center\" data-align=\"center\">podejrzenie nieprzestrzegania zalecanej ilo\u015bci pasty lub zawarto\u015b\u0107 F w wodzie pitnej &gt; 1 mg\/1<\/td><td>500 ppm<\/td><td>ziarno groszku<\/td><\/tr><tr><td class=\"has-text-align-center\" data-align=\"center\">2-<br>&lt;6lat<\/td><td><\/td><td>1000 ppm<\/td><td>ziarno groszku<\/td><\/tr><tr><td class=\"has-text-align-center\" data-align=\"center\">6 lat<\/td><td><\/td><td>1450 ppm<\/td><td>1-2 cm<\/td><\/tr><tr><td class=\"has-text-align-center\" data-align=\"center\">wysokie<\/td><td>&gt; 16 lat<\/td><td><\/td><td>5000 ppm<\/td><td>1-2 cm<\/td><\/tr><\/tbody><\/table><\/figure>\n\n\n\n<h3 class=\"wp-block-heading\">II. Profilaktyka profesjonalna w gabinecie <\/h3>\n\n\n\n<p>W gabinecie stomatologicznym Manhattan-dent \u0141\u00f3d\u017a\u00a0<strong>stosowane s\u0105 \u017cele\/pianki<\/strong>\u00a0(5000-12500 ppm F)\u00a0<strong>lub lakiery fluorkowe<\/strong>(1000-56300 ppm F).<\/p>\n\n\n\n<p><strong>Tab. 4.<\/strong>&nbsp;Zasady \u201ewzmocnionej profilaktyki fluorkowej\u201d, w zale\u017cno\u015bci od wieku i wysoko\u015bci ryzyka choroby pr\u00f3chnicowej przedstawiono w tabeli (Tab. 4).<\/p>\n\n\n\n<figure class=\"wp-block-table\"><table><tbody><tr><td>Wiek<\/td><td>Ryzyko choroby pr\u00f3chnicowej<\/td><td>P\u0142ukanka<\/td><td>\u017bel\/Pianka<\/td><td>Lakier<\/td><\/tr><tr><td rowspan=\"2\">poni\u017cej 6. roku \u017cycia<\/td><td>umiarkowane<\/td><td>nie<\/td><td>nie<\/td><td>2 razy\/rok<\/td><\/tr><tr><td>wysokie<\/td><td>nie<\/td><td>nie<\/td><td>4 razy\/rok<\/td><\/tr><tr><td rowspan=\"2\">powy\u017cej 6. roku \u017cycia i m\u0142odzie\u017c*<\/td><td>umiarkowane<\/td><td>tak<\/td><td colspan=\"2\">2 razy\/rok**<\/td><\/tr><tr><td>wysokie<\/td><td>tak<\/td><td colspan=\"2\">4 razy\/rok**<\/td><\/tr><\/tbody><\/table><\/figure>\n\n\n\n<p>* zasady stosowania past do z\u0119b\u00f3w z wysok\u0105 zawarto\u015bci\u0105 fluoru w Tab. 3.<\/p>\n\n\n\n<p>** \u017cel\/pianka lub lakier<\/p>\n\n\n\n<p><strong>Wa\u017cne:<\/strong><\/p>\n\n\n\n<p><strong>\u017bele\/pianki<\/strong>&nbsp;powinny by\u0107 aplikowane na \u0142y\u017ckach (4 min.): nale\u017cy przestrzega\u0107 odpowiedniej dawki, pochyli\u0107 g\u0142ow\u0119 pacjenta do przodu, zastosowa\u0107 \u015blinoci\u0105g, nakaza\u0107 pacjentowi wypluwanie \u015bliny przez 30 sekund po aplikacji.<\/p>\n\n\n\n<p><strong>Lakiery:<\/strong>&nbsp;przestrzega\u0107 odpowiedniej dawki, nie spo\u017cywa\u0107 posi\u0142k\u00f3w przez 45 minut (korzystniej przez 4-6 godz.), unika\u0107 pokarm\u00f3w twardych, lepkich, nie u\u017cywa\u0107 nici dentystycznej i innych \u015brodk\u00f3w fluorkowych przez 24 godziny po aplikacji. Dzieci, u kt\u00f3rych stosowana jest suplementacja endogenna, nie powinny przez kilka dni przyjmowa\u0107 tabletek\/kropli fluorkowych.<\/p>\n","protected":false},"excerpt":{"rendered":"<p>\u015arodki profilaktyczne stosowane do zapobiegania pr\u00f3chnicy Wa\u017cnym elementem zapobiegania pr\u00f3chnicy jest stosowanie \u015brodk\u00f3w profilaktycznych zawieraj\u0105cych fluorki. I.&nbsp;Podstawowe \u017ar\u00f3d\u0142a fluoru dla dzieci to: woda pitna (wg WHO optymalna zawarto\u015b\u0107 F w wodzie: 0,5 \u2013 1,0 mg\/I; dane dotycz\u0105ce r\u00f3\u017cnych region\u00f3w Polski \u2013 dost\u0119pne w lokalnych Stacjach Sanitarno-Epidemiologicznych) oraz wody butelkowane, herbata, ryby, \u017cywno\u015b\u0107 pochodz\u0105ca z teren\u00f3w&#8230;<\/p>\n","protected":false},"author":1,"featured_media":0,"parent":0,"menu_order":0,"comment_status":"closed","ping_status":"closed","template":"","meta":{"_kadence_starter_templates_imported_post":false,"_kad_post_transparent":"","_kad_post_title":"","_kad_post_layout":"","_kad_post_sidebar_id":"","_kad_post_content_style":"","_kad_post_vertical_padding":"","_kad_post_feature":"","_kad_post_feature_position":"","_kad_post_header":false,"_kad_post_footer":false,"footnotes":""},"class_list":["post-420","page","type-page","status-publish","hentry"],"yoast_head":"<!-- This site is optimized with the Yoast SEO plugin v25.9 - https:\/\/yoast.com\/wordpress\/plugins\/seo\/ -->\n<title>zapobieganie pr\u00f3chnicy - Gabinet stomatologiczny Manhattan-dent<\/title>\n<meta name=\"robots\" content=\"index, follow, max-snippet:-1, max-image-preview:large, max-video-preview:-1\" \/>\n<link rel=\"canonical\" href=\"https:\/\/manhattandent.pl\/stomatolog\/zapobieganie-prochnicy\/\" \/>\n<meta property=\"og:locale\" content=\"pl_PL\" \/>\n<meta property=\"og:type\" content=\"article\" \/>\n<meta property=\"og:title\" content=\"zapobieganie pr\u00f3chnicy - Gabinet stomatologiczny Manhattan-dent\" \/>\n<meta property=\"og:description\" content=\"\u015arodki profilaktyczne stosowane do zapobiegania pr\u00f3chnicy Wa\u017cnym elementem zapobiegania pr\u00f3chnicy jest stosowanie \u015brodk\u00f3w profilaktycznych zawieraj\u0105cych fluorki. I.&nbsp;Podstawowe \u017ar\u00f3d\u0142a fluoru dla dzieci to: woda pitna (wg WHO optymalna zawarto\u015b\u0107 F w wodzie: 0,5 \u2013 1,0 mg\/I; dane dotycz\u0105ce r\u00f3\u017cnych region\u00f3w Polski \u2013 dost\u0119pne w lokalnych Stacjach Sanitarno-Epidemiologicznych) oraz wody butelkowane, herbata, ryby, \u017cywno\u015b\u0107 pochodz\u0105ca z teren\u00f3w...\" \/>\n<meta property=\"og:url\" content=\"https:\/\/manhattandent.pl\/stomatolog\/zapobieganie-prochnicy\/\" \/>\n<meta property=\"og:site_name\" content=\"Gabinet stomatologiczny Manhattan-dent\" \/>\n<meta property=\"article:publisher\" content=\"https:\/\/www.facebook.com\/people\/Manhattan-Dent\/61550723380393\/\" \/>\n<meta property=\"article:modified_time\" content=\"2023-09-29T18:41:13+00:00\" \/>\n<meta name=\"twitter:card\" content=\"summary_large_image\" \/>\n<meta name=\"twitter:label1\" content=\"Szacowany czas czytania\" \/>\n\t<meta name=\"twitter:data1\" content=\"5 minut\" \/>\n<script type=\"application\/ld+json\" class=\"yoast-schema-graph\">{\"@context\":\"https:\/\/schema.org\",\"@graph\":[{\"@type\":\"WebPage\",\"@id\":\"https:\/\/manhattandent.pl\/stomatolog\/zapobieganie-prochnicy\/\",\"url\":\"https:\/\/manhattandent.pl\/stomatolog\/zapobieganie-prochnicy\/\",\"name\":\"zapobieganie pr\u00f3chnicy - Gabinet stomatologiczny Manhattan-dent\",\"isPartOf\":{\"@id\":\"https:\/\/manhattandent.pl\/stomatolog\/#website\"},\"datePublished\":\"2023-09-29T18:38:38+00:00\",\"dateModified\":\"2023-09-29T18:41:13+00:00\",\"breadcrumb\":{\"@id\":\"https:\/\/manhattandent.pl\/stomatolog\/zapobieganie-prochnicy\/#breadcrumb\"},\"inLanguage\":\"pl-PL\",\"potentialAction\":[{\"@type\":\"ReadAction\",\"target\":[\"https:\/\/manhattandent.pl\/stomatolog\/zapobieganie-prochnicy\/\"]}]},{\"@type\":\"BreadcrumbList\",\"@id\":\"https:\/\/manhattandent.pl\/stomatolog\/zapobieganie-prochnicy\/#breadcrumb\",\"itemListElement\":[{\"@type\":\"ListItem\",\"position\":1,\"name\":\"Strona g\u0142\u00f3wna\",\"item\":\"https:\/\/manhattandent.pl\/stomatolog\/\"},{\"@type\":\"ListItem\",\"position\":2,\"name\":\"zapobieganie pr\u00f3chnicy\"}]},{\"@type\":\"WebSite\",\"@id\":\"https:\/\/manhattandent.pl\/stomatolog\/#website\",\"url\":\"https:\/\/manhattandent.pl\/stomatolog\/\",\"name\":\"Gabinet stomatologiczny Manhattan-dent \u0141\u00f3d\u017a\",\"description\":\"\",\"publisher\":{\"@id\":\"https:\/\/manhattandent.pl\/stomatolog\/#organization\"},\"alternateName\":\"stomatolog \u0141\u00f3d\u017a\",\"potentialAction\":[{\"@type\":\"SearchAction\",\"target\":{\"@type\":\"EntryPoint\",\"urlTemplate\":\"https:\/\/manhattandent.pl\/stomatolog\/?s={search_term_string}\"},\"query-input\":{\"@type\":\"PropertyValueSpecification\",\"valueRequired\":true,\"valueName\":\"search_term_string\"}}],\"inLanguage\":\"pl-PL\"},{\"@type\":\"Organization\",\"@id\":\"https:\/\/manhattandent.pl\/stomatolog\/#organization\",\"name\":\"Gabinet stomatologiczny Manhattan-dent \u0141\u00f3d\u017a\",\"alternateName\":\"Stomatolog \u0141\u00f3d\u017a\",\"url\":\"https:\/\/manhattandent.pl\/stomatolog\/\",\"logo\":{\"@type\":\"ImageObject\",\"inLanguage\":\"pl-PL\",\"@id\":\"https:\/\/manhattandent.pl\/stomatolog\/#\/schema\/logo\/image\/\",\"url\":\"https:\/\/i0.wp.com\/manhattandent.pl\/stomatolog\/wp-content\/uploads\/2023\/08\/cropped-logo.png?fit=236%2C110&ssl=1\",\"contentUrl\":\"https:\/\/i0.wp.com\/manhattandent.pl\/stomatolog\/wp-content\/uploads\/2023\/08\/cropped-logo.png?fit=236%2C110&ssl=1\",\"width\":236,\"height\":110,\"caption\":\"Gabinet stomatologiczny Manhattan-dent \u0141\u00f3d\u017a\"},\"image\":{\"@id\":\"https:\/\/manhattandent.pl\/stomatolog\/#\/schema\/logo\/image\/\"},\"sameAs\":[\"https:\/\/www.facebook.com\/people\/Manhattan-Dent\/61550723380393\/\"]}]}<\/script>\n<!-- \/ Yoast SEO plugin. -->","yoast_head_json":{"title":"zapobieganie pr\u00f3chnicy - Gabinet stomatologiczny Manhattan-dent","robots":{"index":"index","follow":"follow","max-snippet":"max-snippet:-1","max-image-preview":"max-image-preview:large","max-video-preview":"max-video-preview:-1"},"canonical":"https:\/\/manhattandent.pl\/stomatolog\/zapobieganie-prochnicy\/","og_locale":"pl_PL","og_type":"article","og_title":"zapobieganie pr\u00f3chnicy - Gabinet stomatologiczny Manhattan-dent","og_description":"\u015arodki profilaktyczne stosowane do zapobiegania pr\u00f3chnicy Wa\u017cnym elementem zapobiegania pr\u00f3chnicy jest stosowanie \u015brodk\u00f3w profilaktycznych zawieraj\u0105cych fluorki. I.&nbsp;Podstawowe \u017ar\u00f3d\u0142a fluoru dla dzieci to: woda pitna (wg WHO optymalna zawarto\u015b\u0107 F w wodzie: 0,5 \u2013 1,0 mg\/I; dane dotycz\u0105ce r\u00f3\u017cnych region\u00f3w Polski \u2013 dost\u0119pne w lokalnych Stacjach Sanitarno-Epidemiologicznych) oraz wody butelkowane, herbata, ryby, \u017cywno\u015b\u0107 pochodz\u0105ca z teren\u00f3w...","og_url":"https:\/\/manhattandent.pl\/stomatolog\/zapobieganie-prochnicy\/","og_site_name":"Gabinet stomatologiczny Manhattan-dent","article_publisher":"https:\/\/www.facebook.com\/people\/Manhattan-Dent\/61550723380393\/","article_modified_time":"2023-09-29T18:41:13+00:00","twitter_card":"summary_large_image","twitter_misc":{"Szacowany czas czytania":"5 minut"},"schema":{"@context":"https:\/\/schema.org","@graph":[{"@type":"WebPage","@id":"https:\/\/manhattandent.pl\/stomatolog\/zapobieganie-prochnicy\/","url":"https:\/\/manhattandent.pl\/stomatolog\/zapobieganie-prochnicy\/","name":"zapobieganie pr\u00f3chnicy - Gabinet stomatologiczny Manhattan-dent","isPartOf":{"@id":"https:\/\/manhattandent.pl\/stomatolog\/#website"},"datePublished":"2023-09-29T18:38:38+00:00","dateModified":"2023-09-29T18:41:13+00:00","breadcrumb":{"@id":"https:\/\/manhattandent.pl\/stomatolog\/zapobieganie-prochnicy\/#breadcrumb"},"inLanguage":"pl-PL","potentialAction":[{"@type":"ReadAction","target":["https:\/\/manhattandent.pl\/stomatolog\/zapobieganie-prochnicy\/"]}]},{"@type":"BreadcrumbList","@id":"https:\/\/manhattandent.pl\/stomatolog\/zapobieganie-prochnicy\/#breadcrumb","itemListElement":[{"@type":"ListItem","position":1,"name":"Strona g\u0142\u00f3wna","item":"https:\/\/manhattandent.pl\/stomatolog\/"},{"@type":"ListItem","position":2,"name":"zapobieganie pr\u00f3chnicy"}]},{"@type":"WebSite","@id":"https:\/\/manhattandent.pl\/stomatolog\/#website","url":"https:\/\/manhattandent.pl\/stomatolog\/","name":"Gabinet stomatologiczny Manhattan-dent \u0141\u00f3d\u017a","description":"","publisher":{"@id":"https:\/\/manhattandent.pl\/stomatolog\/#organization"},"alternateName":"stomatolog \u0141\u00f3d\u017a","potentialAction":[{"@type":"SearchAction","target":{"@type":"EntryPoint","urlTemplate":"https:\/\/manhattandent.pl\/stomatolog\/?s={search_term_string}"},"query-input":{"@type":"PropertyValueSpecification","valueRequired":true,"valueName":"search_term_string"}}],"inLanguage":"pl-PL"},{"@type":"Organization","@id":"https:\/\/manhattandent.pl\/stomatolog\/#organization","name":"Gabinet stomatologiczny Manhattan-dent \u0141\u00f3d\u017a","alternateName":"Stomatolog \u0141\u00f3d\u017a","url":"https:\/\/manhattandent.pl\/stomatolog\/","logo":{"@type":"ImageObject","inLanguage":"pl-PL","@id":"https:\/\/manhattandent.pl\/stomatolog\/#\/schema\/logo\/image\/","url":"https:\/\/i0.wp.com\/manhattandent.pl\/stomatolog\/wp-content\/uploads\/2023\/08\/cropped-logo.png?fit=236%2C110&ssl=1","contentUrl":"https:\/\/i0.wp.com\/manhattandent.pl\/stomatolog\/wp-content\/uploads\/2023\/08\/cropped-logo.png?fit=236%2C110&ssl=1","width":236,"height":110,"caption":"Gabinet stomatologiczny Manhattan-dent \u0141\u00f3d\u017a"},"image":{"@id":"https:\/\/manhattandent.pl\/stomatolog\/#\/schema\/logo\/image\/"},"sameAs":["https:\/\/www.facebook.com\/people\/Manhattan-Dent\/61550723380393\/"]}]}},"_links":{"self":[{"href":"https:\/\/manhattandent.pl\/stomatolog\/wp-json\/wp\/v2\/pages\/420","targetHints":{"allow":["GET"]}}],"collection":[{"href":"https:\/\/manhattandent.pl\/stomatolog\/wp-json\/wp\/v2\/pages"}],"about":[{"href":"https:\/\/manhattandent.pl\/stomatolog\/wp-json\/wp\/v2\/types\/page"}],"author":[{"embeddable":true,"href":"https:\/\/manhattandent.pl\/stomatolog\/wp-json\/wp\/v2\/users\/1"}],"replies":[{"embeddable":true,"href":"https:\/\/manhattandent.pl\/stomatolog\/wp-json\/wp\/v2\/comments?post=420"}],"version-history":[{"count":0,"href":"https:\/\/manhattandent.pl\/stomatolog\/wp-json\/wp\/v2\/pages\/420\/revisions"}],"wp:attachment":[{"href":"https:\/\/manhattandent.pl\/stomatolog\/wp-json\/wp\/v2\/media?parent=420"}],"curies":[{"name":"wp","href":"https:\/\/api.w.org\/{rel}","templated":true}]}}